2559 and 1005941.
799
Calculate the highest common divisor of 10237617 and 108.
27
What is the highest common divisor of 1141399 and 1244801?
3977
Calculate the highest common factor of 367134552 and 27.
27
What is the greatest common factor of 6581078 and 70?
14
Calculate the highest common divisor of 4167735 and 15015.
2145
Calculate the greatest common factor of 1950 and 12069330.
390
What is the highest common factor of 5844 and 290436?
12
What is the greatest common factor of 744005 and 10081?
17
What is the greatest common divisor of 24297325 and 650?
325
What is the greatest common divisor of 5732923 and 5075?
203
Calculate the highest common factor of 6282 and 147789.
9
Calculate the greatest common divisor of 7227 and 24084.
9
Calculate the greatest common divisor of 119091 and 855897.
1113
What is the highest common factor of 7 and 14209125?
7
Calculate the highest common divisor of 234 and 18470205.
117
What is the highest common divisor of 26312092 and 4?
4
Calculate the greatest common factor of 1015316 and 1376.
172
Calculate the greatest common factor of 29244589 and 3894.
649
What is the greatest common factor of 39 and 55627377?
39
What is the greatest common divisor of 5183302 and 3116?
82
Calculate the greatest common divisor of 393482930 and 2194.
2194
Calculate the highest common divisor of 747968 and 16000.
64
Calculate the greatest common factor of 560 and 9958165.
35
Calculate the highest common factor of 9971 and 10127.
13
What is the greatest common divisor of 29240 and 48680?
40
Calculate the greatest common divisor of 837 and 201429.
9
Calculate the highest common divisor of 721 and 1355377.
103
Calculate the greatest common divisor of 211848 and 3077907.
2037
What is the greatest common divisor of 119957225 and 872?
109
Calculate the highest common divisor of 3465457 and 296.
37
Calculate the highest common factor of 30 and 364161310.
10
What is the highest common divisor of 2227258 and 46922?
58
Calculate the highest common factor of 230667334 and 58.
58
Calculate the greatest common divisor of 220745 and 115430.
595
What is the highest common factor of 37406 and 190039?
59
Calculate the greatest common divisor of 324 and 132771.
3
What is the highest common divisor of 3078848 and 1152?
64
What is the greatest common divisor of 25133630 and 20?
10
What is the highest common divisor of 443968 and 576?
64
What is the greatest common divisor of 375461 and 2249097?
1223
What is the highest common divisor of 33400392 and 2232?
744
What is the highest common factor of 106762568 and 2816?
88
What is the highest common factor of 6074 and 506468342?
6074
Calculate the greatest common factor of 132523783 and 21.
7
Calculate the highest common divisor of 31 and 252147521.
31
What is the greatest common divisor of 176390278 and 2?
2
Calculate the highest common divisor of 12 and 215836.
4
Calculate the greatest common divisor of 258 and 68309241.
129
What is the greatest common factor of 2786400 and 18834?
258
Calculate the greatest common divisor of 694846 and 48392.
526
What is the greatest common divisor of 1162 and 601521418?
166
What is the greatest common factor of 252316975 and 425?
425
Calculate the highest common divisor of 2376846 and 2682.
18
Calculate the greatest common divisor of 102 and 292310002.
34
What is the greatest common divisor of 7168 and 20820992?
1024
Calculate the highest common factor of 105020 and 138060.
1180
Calculate the greatest common factor of 1631 and 37072.
7
What is the highest common divisor of 614317 and 954476?
5077
Calculate the greatest common divisor of 572942 and 14818.
62
Calculate the greatest common factor of 36680 and 904.
8
Calculate the highest common divisor of 15600844 and 63.
7
What is the highest common divisor of 224343300 and 15?
15
Calculate the greatest common factor of 369453500 and 1000.
500
Calculate the highest common divisor of 957140129 and 121.
121
What is the greatest common divisor of 124 and 31411556?
124
What is the greatest common divisor of 1357945 and 4040?
505
What is the greatest common factor of 59075052 and 376?
188
Calculate the highest common divisor of 20 and 175366948.
4
What is the greatest common divisor of 3153220 and 13130?
1010
Calculate the highest common factor of 8036087 and 306.
17
Calculate the greatest common divisor of 4156046 and 682.
62
What is the greatest common factor of 7625 and 901031?
61
Calculate the greatest common factor of 140374754 and 52.
26
Calculate the greatest common divisor of 276821772 and 1884.
1884
What is the highest common divisor of 33518143 and 18943?
997
Calculate the highest common factor of 312 and 786903.
39
What is the highest common factor of 2408457 and 33795?
2253
Calculate the greatest common factor of 92754571 and 819.
91
Calculate the greatest common divisor of 163533 and 683577.
453
Calculate the greatest common divisor of 6229 and 609545024.
6229
Calculate the highest common factor of 311112 and 133632.
2088
What is the greatest common factor of 98 and 9547454?
98
What is the greatest common divisor of 83075200 and 67600?
5200
Calculate the highest common factor of 12 and 9250620.
12
What is the highest common factor of 11722333 and 136?
17
What is the greatest common factor of 12207564 and 27468?
3924
Calculate the highest common factor of 42 and 87791298.
42
Calculate the highest common factor of 48 and 17279516.
4
What is the greatest common divisor of 1906 and 2636951?
953
Calculate the greatest common factor of 49070 and 242817988.
9814
What is the highest common factor of 4238157 and 321783?
1617
What is the greatest common factor of 3321 and 2933919?
369
Calculate the highest common factor of 24257959 and 1299.
433
What is the highest common factor of 24 and 53224080?
24
What is the greatest common factor of 1069538 and 112714?
166
Calculate the highest common factor of 1976 and 34998808.
104
Calculate the greatest common factor of 446 and 14191943.
223
What is the highest common factor of 32400 and 101169?
81
What is the highest common divisor of 199199525 and 3731?
287
Calculate the highest common factor of 382490910 and 585.
45
Calculate the greatest common factor of 399091 and 3942.
73
Calculate the greatest common factor of 1592 and 26616.
8
What is the greatest common divisor of 507683 and 935?
11
What is the highest common factor of 52780200 and 3872?
968
Calculate the greatest common divisor of 284544173 and 327.
109
What is the greatest common divisor of 2291978 and 2158?
26
What is the highest common divisor of 387 and 158904?
9
Calculate the highest common factor of 1 and 240263.
1
What is the highest common divisor of 41396 and 15223932?
316
What is the highest common factor of 15409 and 1037269?
811
Calculate the highest common divisor of 366 and 76314477.
183
Calculate the greatest common divisor of 22124436 and 2185.
437
What is the highest common factor of 459550 and 21169600?
5050
What is the greatest common divisor of 26629887 and 8808?
1101
What is the highest common divisor of 726 and 88465278?
726
What is the greatest common divisor of 52515 and 1891485?
135
What is the greatest common factor of 7714 and 1544018?
406
Calculate the highest common factor of 71100189 and 477.
477
Calculate the highest common divisor of 37219 and 660387.
91
Calculate the greatest common factor of 547681118 and 3667.
3667
Calculate the highest common divisor of 28914 and 63318.
366
What is the greatest common factor of 9780 and 22334260?
3260
Calculate the greatest common divisor of 363 and 99980826.
33
Calculate the greatest common divisor of 729260982 and 972.
486
Calculate the highest common factor of 3931755 and 23790.
915
What is the greatest common divisor of 1901338 and 188?
94
What is the highest common divisor of 725 and 150481?
29
What is the greatest common factor of 69659 and 9881?
41
Calculate the highest common factor of 51716124 and 324.
108
Calculate the highest common divisor of 51305 and 2297255.
155
What is the greatest common divisor of 13340 and 401120?
460
What is the highest common factor of 161775279 and 27?
27
What is the highest common factor of 726438 and 36244?
82
What is the greatest common divisor of 6820 and 27812?
4
What is the highest common factor of 9